(u). What is the greatest common divisor of 18 and t?
18
Let z(v) = -v**3 - 5. Let d = -174 - -171. Let w be z(d). Calculate the greatest common factor of w and 88.
22
Suppose -167*x - 17 + 288 + 63 = 0. Calculate the greatest common factor of x and 432.
2
Suppose 229591 = 68*l - 115033. What is the highest common factor of 56 and l?
28
Suppose w - 5329 = -p, 4*w = 3*p - 15340 - 668. What is the highest common divisor of p and 124?
124
Let l = -9 + 1. Let f be 26*(0 - 4/l). Let x be 1 + 0 - (-2781)/27. Calculate the greatest common factor of x and f.
13
Let c(x) be the second derivative of -9*x**3/2 + 6*x. Let y be c(1). Let o = y - -37. Calculate the highest common factor of o and 25.
5
Let o be 9/(-6) + (-1197)/(-38). Let g be (-9)/(-81)*24*o/4. Calculate the highest common factor of g and 30.
10
Let j(q) = 1620*q + 692. Let i be j(1). Calculate the highest common divisor of i and 64.
8
Let s = 19522 - 19411. Calculate the highest common factor of 111 and s.
111
Let y(b) = -b + 2*b**2 + 4 - b**2 - 6 + 5*b. Let z be y(-2). Let t be ((-207)/z)/(-2 + (-38)/(-16)). What is the greatest common factor of t and 4?
4
Let d = 74 - 51. Suppose r - 2*a - 3 + 5 = 0, -3*a = -6. Let s be r - 6 - (3/1 - 30). Calculate the highest common factor of s and d.
23
Let n(l) be the first derivative of l**4/4 - 2*l**3/3 - 5*l**2/2 - 2*l - 2. Let g be n(5). Let q = -96 + 168. Calculate the greatest common factor of q and g.
24
Suppose -32*n + 168 = -4*n. Let u(i) = 42*i + 23. Let d be u(n). Calculate the highest common factor of 50 and d.
25
Let j(n) = -n**3 - 13*n**2 - 17*n - 58. Let o be j(-12). Suppose -2*a + 2 = 0, 1217 = 15*p - 10*p + o*a. What is the highest common factor of p and 36?
9
Suppose 5*t + 0*t - 53 = -2*l, 57 = 5*t - 2*l. Let d(s) = -t*s - s**3 - s**2 + 13*s - s**2 + 1. Let p be d(-4). Calculate the highest common divisor of p and 5.
5
Suppose 2*u + h = 314, u + h - 148 = 5*h. Suppose 0 = -2*d + 3*n + 76, -30*n = 5*d - 29*n - u. Calculate the greatest common divisor of d and 80.
16
Let m(l) = -l**2 - 20*l - 53. Suppose 0 = y - 353 + 360. Let a be m(y). What is the greatest common divisor of a and 133?
19
Suppose 24 = 5*v + 5*m + 4, 3*m = 3*v. Suppose 11 + 2 = g - v*f, 4*f = -2*g - 14. What is the highest common divisor of 69 and g?
3
Suppose 0 = -87*b + 90*b - 2*y - 15452, 0 = 2*b - 4*y - 10312. Calculate the greatest common factor of b and 12.
12
Let y be -5 - ((-32)/12 - (-1)/(-3)). Let c be (-4 + 4)/(y*(-3)/(-6)). Suppose -3*g - g + 340 = c. Calculate the highest common divisor of g and 17.
17
Let s = 939 - 419. Let x be 341/4 + (s/(-32) - -15). Suppose -2*r - 3*o = -24, -3*r - 2*r = 3*o - 60. What is the highest common factor of x and r?
12
Suppose -4*m = -2*w + 976, 9*m - 23 = -w + 465. What is the greatest common factor of w and 5?
1
Let f(v) = 4*v**3 + 22*v**2 - 6. Let a be f(-4). What is the highest common factor of a and 285?
15
Let g be 1/3 + 120/18 + 28. What is the greatest common divisor of g and 203?
7
Let m(t) = -196*t - 209. Let s be m(-29). Suppose 0 = -8*l - s + 18395. Calculate the highest common divisor of 85 and l.
85
Let q be (-1 - (-1)/4)*1520/(-15). What is the greatest common divisor of 5377 and q?
19
Let q(s) be the second derivative of 27/2*s**2 + 14*s + 0*s**3 - 1/12*s**4 + 1/20*s**5 + 0. Let k be q(0). What is the greatest common factor of k and 81?
27
Let g = 9325 + -8932. What is the greatest common factor of 524 and g?
131
Suppose 15977 = 9*o - 6172. Calculate the greatest common divisor of o and 321.
107
Suppose 5*a - 6*t + t = 15670, 12456 = 4*a + 6*t. Calculate the highest common divisor of 12 and a.
6
Suppose -3*h = -137 + 59. Suppose h*b = 25*b + 38. Calculate the greatest common factor of b and 342.
38
Suppose 0 = 5*c - 3*m + m + 1070, -4*c = -3*m + 849. Let k = c + 256. What is the greatest common divisor of k and 200?
40
Let n(j) = -5 + 5*j - 5*j**2 - 3*j + 0*j - 3*j**3. Let u be n(-4). Suppose v = -v + 22. Calculate the highest common factor of v and u.
11
Let m(b) = 3*b**2 - 11*b + 10. Suppose 55*g + 10 = 60*g. Suppose -20 = g*c - 7*c. Let s be m(c). What is the greatest common factor of s and 14?
14
Let c be (-1)/(-4 + 124/32). Let n(u) = -9*u**2 - 13 + u**3 - 16317*u - u**2 + 16336*u. Let i be n(c). Calculate the highest common divisor of i and 99.
11
Suppose -c + 13*c = 24726 - 1950. What is the greatest common factor of c and 2774?
146
Suppose 376 = 2*j + 372. Suppose 0 = -5*i + 10, -j*i = -2*s + 46 - 6. Calculate the highest common divisor of 198 and s.
22
Let f(j) = 6*j**3 + 334*j**2 - 112*j + 27. Let v be f(-56). What is the highest common factor of v and 4?
1
Let x be (-9144)/10*(-2080)/832. Calculate the greatest common divisor of 2 and x.
2
Let y be (10/(-4) - -2)*(-9 - 45). Suppose 5*s - 3 = -a + 4, 4*a + 22 = 5*s. Suppose 0 = s*u + 10 - 28. Calculate the greatest common divisor of u and y.
9
Let i be 9/((-63)/70) - -20. What is the highest common factor of i and 235?
5
Let l = -7232 - -11892. What is the highest common divisor of l and 20?
20
Let u be (-5)/(-15)*39 + -3. Suppose -u = 5*h - 0*h. Let x be 16/4 + 7 + h. Calculate the greatest common factor of x and 9.
9
Let y = 272 - 476. Let z be 1/((-3)/y + (1 - 1)). What is the greatest common divisor of z and 85?
17
Let k = 4642 + -4625. Calculate the greatest common factor of k and 3536.
17
Let g = -11427 - -16000. Calculate the greatest common factor of g and 17.
17
Let o be (10 + -11)*(-2)/(-1). Let k be 436 - o - (5 - 9). Suppose k = 3*w + 5*c, 3*w - c - 426 = 2*c. What is the highest common factor of w and 16?
16
Let k be (-1)/2*1/(2/(-16)). Let d be 70/k - (-1 - (-20)/8). What is the greatest common factor of 2 and d?
2
Let k(z) = -z**3 + 5*z**2 - 2*z + 8. Let w be k(4). Suppose 4*o = 8*o + w. Let r be 3 + 1 - o*5. Calculate the highest common factor of r and 36.
12
Let p be 129/((77/28)/(-11))*1*-2. What is the highest common factor of p and 408?
24
Let i be 2/(-12) + (-870)/(-36). Let s be 6/(-2 + i/10). Suppose 0 = -3*p + s, -u + 0*p = 5*p - 49. Calculate the greatest common divisor of 72 and u.
24
Suppose 0 = -r - 0*w - 4*w + 97, -3*r + 246 = 3*w. Suppose -3*j + 3*a = -309, 5*j + 8*a - 4*a - 479 = 0. What is the highest common divisor of j and r?
11
Let a(t) = -t**2 + 25*t + 81. Let v be a(22). Calculate the highest common divisor of v and 2989.
49
Suppose -y + 20 - 2 = 0. Let h be -1 - (0 - 18/6). Let u be h/(-11)*(-17 - -6). Calculate the highest common divisor of y and u.
2
Let j = 199 - 194. Suppose 0 = -4*x + j*x - 20. Calculate the highest common factor of 90 and x.
10
Let q be 7238/5 - (-9)/(-15) - (0 - -3). Calculate the greatest common divisor of 20 and q.
4
Let n(v) be the second derivative of v**5/10 - 17*v**4/3 + v**3/2 + 4*v**2 - 9*v. Let x be n(34). Calculate the greatest common divisor of 44 and x.
22
Let y(k) = -k**2 - 2*k + 4. Let m be y(0). Let q(h) = 22*h**2 - 2*h + 13. Let c be q(m). What is the greatest common factor of 21 and c?
21
Let x be 8/20 + (71/213)/(10/1698). Let p be (-2)/(-4*(-2)/(-988)). What is the highest common factor of x and p?
19
Suppose 38610 = -4352*o + 4362*o. What is the greatest common divisor of o and 286?
143
Let d = -3344 + 3360. What is the highest common factor of 250 and d?
2
Let c(z) = 2*z**2 - 14*z + 2. Let y be c(7). Let s be y/1*(10*4)/4. Suppose -r + 4 + s = 0. Calculate the highest common factor of 32 and r.
8
Suppose 0 = 11*m - 12436 - 12809. Calculate the highest common factor of m and 1020.
255
Let x be 632 + 36 - (4 - -8). Calculate the highest common divisor of x and 2378.
82
Let f(m) = 2*m**3 + m**2 - 32*m + 108. Let x be f(3). Let w be 2*2/4*3. Calculate the highest common divisor of w and x.
3
Suppose p - 239 = 4*i, 3*p + 0*p - 706 = i. Let s be 5/(1/(-6)*-5). Let u be (s/(-12))/(2/(-188)). Calculate the highest common factor of p and u.
47
Let u(g) = 94*g - 32. Let m = 900 - 896. Let l be u(m). What is the greatest common divisor of l and 24?
8
Let a be (3/24)/((1410/240)/47). Let p(r) = 5*r**3 - r. Let n be p(1). What is the highest common divisor of n and a?
1
Let l = 2667 - 548. Suppose l = -13*r + 5304. Calculate the highest common divisor of r and 70.
35
Let b = 62 + 108. Let l = b + 15. What is the highest common factor of l and 37?
37
Suppose 5*i = -5*p + 275,